y**2 + 39. Let a be d(b). Suppose 5*p = 4*g - 64, 5*g - a = -0*g - 4*p. List the prime factors of g.
11
Let x(g) = 3790*g**3 + g**2 - 2*g - 1. List the prime factors of x(1).
2, 947
Let h(g) = 39*g**2. Let f be h(-1). Suppose 3*u - 85 = 3*i - 19, 4*i - 27 = -u. Let s = f - u. What are the prime factors of s?
2
Let k = -519 - -926. Let q = k + -145. What are the prime factors of q?
2, 131
Suppose 0 = -0*p + p - 4*r - 509, 2562 = 5*p - 3*r. What are the prime factors of p?
3, 19
Let u = -35 - -41. Suppose -6 = -q + u. What are the prime factors of q?
2, 3
Let f(t) = -5*t**2 + t + 509. List the prime factors of f(0).
509
Let d(b) = b + 21. Let o be d(-14). What are the prime factors of -5*4/(-70) - (-740)/o?
2, 53
Let j(t) = t - 2. Let l be j(6). Let i = l - -18. Suppose -2 = 3*s + 1, 0 = 5*p + 3*s - i. List the prime factors of p.
5
Let s be 2/((-5)/10 - (-2)/3). Suppose -4*a - 1480 = -s*a. What are the prime factors of a?
5, 37
Suppose 18 = 3*z - 5*w, 3*w = 6*w. Suppose 0 = -9*y + z*y + 6. Let v = 15 + y. List the prime factors of v.
17
Let g = -752 - -1187. List the prime factors of g.
3, 5, 29
Let c = -43 + 46. List the prime factors of (-1)/c*7*-132.
2, 7, 11
Let j(n) = 32*n + 380. List the prime factors of j(85).
2, 5, 31
Let x be 12/((36/21)/(-6)). Let p = x - -68. List the prime factors of p.
2, 13
Let t = 19 + -14. Let c(p) = 3*p**2 - 6*p - 6. What are the prime factors of c(t)?
3, 13
Let f(y) = y**3 + 8*y**2 + 13*y + 11. Let v be f(-6). Suppose 5*j = -0*j - v*s + 1320, -272 = -j + 3*s. List the prime factors of j.
2, 7, 19
Let i be (1/3)/((-2)/(-348)). Suppose 3*v - i = 5*v. Let y = v + 61. List the prime factors of y.
2
Let l(z) be the second derivative of -z**4/12 - 4*z**3/3 + 10*z**2 - 10*z. Let v be l(-9). Suppose 8*h = v*h - 48. What are the prime factors of h?
2
Let n(j) = 2*j**3 - 35*j**2 + 7*j - 52. What are the prime factors of n(18)?
2, 199
Let i be 10/((-155)/55 - -3). Suppose i = 5*f - 185. What are the prime factors of f?
2, 3
Let u = 1 + 3. Let a(d) = 2 - 2 + 2 + u*d + 3*d**2. List the prime factors of a(-2).
2, 3
Let p(y) = -y**2 + 6*y + 17. Let c be p(8). Suppose c - 9 = 5*l + o, 5*o + 16 = -l. What are the prime factors of (7 - 4) + 8 + l?
2, 5
Let v(b) = 16*b**3 - b**2 + 3. Let t be v(3). Suppose 10*a + t = 13*a. List the prime factors of a.
2, 71
Suppose 0 = 6*x - 30 + 12. Suppose x*s - 79 = 56. List the prime factors of s.
3, 5
Let z be -8*1*3/2. Let m = 16 + z. List the prime factors of m/(1 + 0/2).
2
Suppose l + 48*h = 51*h + 591, 3*h + 1791 = 3*l. List the prime factors of l.
2, 3, 5
List the prime factors of 11/(440/24)*1615/1.
3, 17, 19
Suppose -24 = -4*g - 0*w + w, 12 = 2*g - 2*w. List the prime factors of g.
2, 3
Let n be (-94)/(-18) - (-7)/189*-6. What are the prime factors of -2*n/((-20)/226)?
113
Suppose 2*y = -4*k - 2*y + 56, 4*y - 44 = -3*k. List the prime factors of 3152/28 - k/21.
2, 7
Let k = 10 + -23. Let j be -3 - 0 - (8 + k). Suppose -90 = -4*f - j*h, 6*f - 2*f - 2*h - 70 = 0. List the prime factors of f.
2, 5
Let j(k) = k**2 - 5*k - 11. Let q be j(7). Suppose 5*a = 2*z + 506, -7*z + 8 = -q*z. List the prime factors of a.
2, 3, 17
Let f(h) = h + 1. Let z(k) = k + 23. Let v(u) = 6*f(u) + z(u). What are the prime factors of v(7)?
2, 3, 13
Let i(o) = 55*o - 43. List the prime factors of i(8).
397
Let o be 4/(-3 - 1) - -85. Suppose o = -g + 5*g. List the prime factors of g.
3, 7
Suppose 3*n - 6 = p - 3, 4*n + 4*p - 20 = 0. List the prime factors of 241 + (-1 - n) - 3*1.
5, 47
Suppose 3*d - 1219 = 668. Suppose y = -4*j + 8*j + 187, -d = -3*y - 5*j. List the prime factors of y.
7, 29
Let n = 32 - 20. List the prime factors of 1*332/n*(-6)/(-2).
83
Let f(r) = -r**3 + 42*r**2 - 61*r - 2. What are the prime factors of f(40)?
2, 379
Suppose -346*t + 326*t = -7920. List the prime factors of t.
2, 3, 11
Let i(h) = -h**3 + 32*h**2 + 57*h - 16. What are the prime factors of i(33)?
2, 97
Suppose 4*n = 2*r - 20, -5*n - r - 38 = 3*r. What are the prime factors of -5 + (117 - n/(-2))?
109
Let o(z) = 5*z**2 - 104*z - 25. List the prime factors of o(32).
3, 19, 31
Suppose g + 11 = 4*q, 2*q = -q - 4*g - 6. Suppose 5*v + 63 = -q*k, -k - 132 = 4*k + 4*v. Let a = 86 + k. List the prime factors of a.
2, 31
What are the prime factors of (-4 - 3)*5/((-20)/388)?
7, 97
What are the prime factors of (188/5)/((-4 + -1)/(-25))?
2, 47
Suppose -15*c = -5832 - 8118. What are the prime factors of c?
2, 3, 5, 31
List the prime factors of (543/12)/(2/8).
181
Suppose 4*f + 4*x - 428 = 0, -662 = -5*f - 4*x - 130. Let g = f + -14. What are the prime factors of g?
2, 3, 5
Suppose 3*x + 10 = 46. Suppose -2*k = -4*m + x, 2*m - 2 = 3*m - 3*k. Suppose 0 = m*z - 32 - 24. What are the prime factors of z?
2, 7
Let q be (14/3)/(20/1050). Suppose 77 = 2*r + 3*i, q = 5*r - 2*i - i. What are the prime factors of r?
2, 23
Let r be (-9 - 16) + 12/(-3). Let n = 18 - r. Let v = 121 - n. List the prime factors of v.
2, 37
Suppose v - 14 = 2*o, v - 4*o - 2 = 22. Suppose -w + v*w + 4*l = 8, 3*l = w - 20. List the prime factors of (w/6)/((-8)/(-18)).
3
Let x be 16/24*(11 + -2). Let b(z) = -z**3 + 6*z**2 + 8. Let l be b(x). What are the prime factors of l/1 + 2 + -2?
2
Let p(v) = -123 + 148 - 72 + 26*v. List the prime factors of p(9).
11, 17
Suppose -44 = -4*j + 4*x, j + x + 9 = -2*x. Suppose -w = -j*w + 730. List the prime factors of w.
2, 73
Let p(o) = -42*o. Let t be p(-2). Let z be (-2)/7 - t/49. What are the prime factors of z*(42/(-4) - 1)?
23
Let l = -51 - -116. Let h = -6 + 11. Suppose -5*k = h*g - 0*k - 125, 3*g + k = l. What are the prime factors of g?
2, 5
What are the prime factors of (2934 + 5 - 3) + -8?
2, 3, 61
Let b(n) be the third derivative of 0*n - 2*n**2 + 1/120*n**6 - 1/15*n**5 - 5/24*n**4 + 0 - 1/3*n**3. What are the prime factors of b(6)?
2, 5
Let i(u) = 2*u**2 + 15*u + 48. List the prime factors of i(-3).
3, 7
Let z be (9 - 9)*(0 + 1). Suppose u = -z*a - 2*a + 129, -4*a + u + 243 = 0. What are the prime factors of a?
2, 31
Let f(i) = -2*i - 10. Let j be f(-8). Suppose 0 = 4*l + m - j, 0*l - m = 3*l - 5. Let s(b) = 12*b**2 - b + 1. List the prime factors of s(l).
2, 3
Let p(d) = d**2 + 6*d - 3. Let v be p(-7). Let h be (391 - 5)*2/v. Suppose 2*z = -3*j + 80, 5*z - 3*j = -7*j + h. What are the prime factors of z?
37
Let i = 1965 - 494. List the prime factors of i.
1471
List the prime factors of (-2)/(-4)*-38*-144 + -1.
5, 547
Suppose -4 = 4*x, 5*p + 4*x = -0*p + 21. Suppose -66 = -k - p*k. List the prime factors of k.
11
Let f = 82 - 91. Let r = 139 + f. List the prime factors of r.
2, 5, 13
Suppose 0 = -3*y - 7*t + 2*t + 3895, -4*y = t - 5165. Suppose -13*j = -7*j - y. List the prime factors of j.
5, 43
Let a(o) = 35*o + 25. What are the prime factors of a(3)?
2, 5, 13
Suppose 0 = -8*a + 4*a - 4*s + 872, -a + 3*s = -222. What are the prime factors of a?
3, 73
Let o(w) = 5*w**2 - 3*w + 8. Let n be 3/((25/5)/5). Suppose 5*p - 5*c = -10, -3*p + n*c - 27 = -7*p. List the prime factors of o(p).
2, 11
List the prime factors of (-38)/(-323) - (-213618)/34.
61, 103
Suppose -2*q = -7*a + 2*a + 2446, -4*a = -3*q - 1954. List the prime factors of a.
2, 5, 7
Suppose -17*g + 18*g + 7599 = 4*w, 0 = -5*w - 2*g + 9489. List the prime factors of w.
3, 211
Let w(m) = m**2 - 10*m + 24. Let p be w(4). Suppose -2*b + 3*y + 86 = 0, 2*y + p*y = 0. What are the prime factors of b?
43
Let h(a) = 70*a - 209. List the prime factors of h(20).
3, 397
Let k = -1943 - -4861. List the prime factors of k.
2, 1459
Suppose -z + 4*n = -107, -3*n = z - 4*n - 95. Let j = 18 + 28. Let b = z - j. What are the prime factors of b?
3, 5
Suppose 0 = -0*m - 2*m + 10, 3*o = m + 952. List the prime factors of o.
11, 29
Let u(q) = q**2 + 11*q - 24. Let k be u(-13). Let o = 9 + -5. Suppose -2*z = k*n - 58, o*n = -z + 6*z - 127. List the prime factors of z.
3
Let q = -214 + 317. Suppose -4*l + 117 = -q. List the prime factors of l.
5, 11
Let a(h) = -10*h - 13. Let i be a(12). Let r = -80 - i. List the prime factors of r.
53
Let a be ((-2)/(-2))/((-4)/60). Let j = 42 + a. Suppose j = -5*f + 112. List the prime factors of f.
17
Suppose -2*a - p + 29 = 4*p, -2*p = -5*a. Suppose -m + 49 = a. List the prime factors of m.
47
Suppose 2*h + 95 = 3*y, -3*y = 2*h - 52 - 27. Suppose -k = -0*k